t is 4 + 53?
57
In base 11, what is 21 - -10?
31
In base 9, what is 27 - 0?
27
In base 9, what is -1 + -7323?
-7324
In base 4, what is -130 - -332?
202
In base 6, what is 1 - -3042?
3043
In base 6, what is 1 + 320?
321
In base 6, what is -55403 + 4?
-55355
In base 9, what is 817 + -4?
813
In base 8, what is 71 - -35?
126
In base 12, what is 4 + -1a?
-16
In base 14, what is -79 + -2?
-7b
In base 16, what is 85 - -a?
8f
In base 11, what is 5 - a85?
-a80
In base 3, what is -122112 + -12?
-122201
In base 13, what is -68c - 1?
-690
In base 8, what is -1 - 314?
-315
In base 3, what is -110022 - 2202?
-120001
In base 8, what is 24 + 23?
47
In base 14, what is -22 - 1d?
-41
In base 12, what is 9 + -198?
-18b
In base 5, what is 141 + -13?
123
In base 2, what is -111 - 1?
-1000
In base 15, what is 5 - -3?
8
In base 6, what is -11433 - -4?
-11425
In base 10, what is 2586 - 4?
2582
In base 13, what is b26 - 2?
b24
In base 7, what is 2403 - -6?
2412
In base 2, what is 10010101110 + -100?
10010101010
In base 6, what is 4 + 1132?
1140
In base 14, what is -9 - -11a?
111
In base 4, what is -2 + -1301002?
-1301010
In base 11, what is 16 + -2?
14
In base 7, what is -13315 + 6?
-13306
In base 15, what is a1 - -c?
ad
In base 15, what is 76 + c2?
148
In base 2, what is 100 + -1011100?
-1011000
In base 4, what is -2 + 22102?
22100
In base 8, what is -20 + 36?
16
In base 6, what is 12551 + 5?
13000
In base 15, what is a - 6?
4
In base 8, what is -14 - 13?
-27
In base 7, what is -42 + -1?
-43
In base 15, what is -4 - 175e?
-1763
In base 14, what is 1 + c?
d
In base 9, what is 246 + 1?
247
In base 16, what is -8d - -14?
-79
In base 11, what is -29 - -7?
-22
In base 13, what is -93a + -6?
-943
In base 3, what is -22 + 1020011?
1012212
In base 3, what is -10 - 21?
-101
In base 10, what is -46 + 8?
-38
In base 2, what is 0 + -101101010?
-101101010
In base 12, what is 9 - -33?
40
In base 16, what is -f17 + -3?
-f1a
In base 11, what is -1 - 39?
-3a
In base 5, what is -4 - 14?
-23
In base 14, what is 0 - 172?
-172
In base 13, what is -5b - -4?
-57
In base 10, what is 3 - 2060?
-2057
In base 4, what is 10 + -10321?
-10311
In base 13, what is 135 - 0?
135
In base 8, what is 6667 + 3?
6672
In base 11, what is -88 - 24?
-101
In base 3, what is 111 + 2?
120
In base 4, what is -32313 + -13?
-32332
In base 16, what is -2cb - 14?
-2df
In base 11, what is -4 + 374?
370
In base 11, what is 4 + -3a?
-36
In base 3, what is -2000112 + 10?
-2000102
In base 14, what is -16 - 29c?
-2b4
In base 9, what is 2 - 3461?
-3458
In base 16, what is 2 + 19c?
19e
In base 12, what is 3 - 847?
-844
In base 8, what is 4 + -4704?
-4700
In base 4, what is -313013 - 3?
-313022
In base 16, what is 4 + 320?
324
In base 10, what is 48 - 84?
-36
In base 15, what is -8c + 2?
-8a
In base 5, what is 12 + 2001?
2013
In base 9, what is 1 + 250?
251
In base 5, what is 204 - 4?
200
In base 14, what is 3c - 3?
39
In base 10, what is 57 + 10?
67
In base 7, what is 0 + 24514?
24514
In base 6, what is 1 + 33?
34
In base 2, what is 0 + 100001?
100001
In base 5, what is -21 - 20?
-41
In base 10, what is 86 - 0?
86
In base 8, what is -315 + -11?
-326
In base 11, what is 219 + -5?
214
In base 6, what is 40423 + -5?
40414
In base 16, what is d6 - 1?
d5
In base 13, what is 35 - c?
26
In base 5, what is 33 - -1004?
1042
In base 12, what is -1a7 - 1?
-1a8
In base 15, what is 37 + 1?
38
In base 5, what is -1 + 31?
30
In base 4, what is -11 - 1010?
-1021
In base 2, what is -1000 + -101111101?
-110000101
In base 12, what is 0 + 65?
65
In base 5, what is -114 + -4?
-123
In base 8, what is -25 - 21?
-46
In base 5, what is 3 + -200?
-142
In base 5, what is -114 - 21?
-140
In base 8, what is -2 + 41?
37
In base 4, what is -3 - -223?
220
In base 12, what is -5 - -61?
58
In base 4, what is 2012 + -212?
1200
In base 11, what is -5 + 66?
61
In base 15, what is 759 - -8?
762
In base 6, what is -32 - -250?
214
In base 12, what is 200b + 4?
2013
In base 4, what is -130 + 20?
-110
In base 4, what is 130 + -20?
110
In base 2, what is 10101101111000 + 100?
10101101111100
In base 12, what is b + -52?
-43
In base 7, what is -4 - -6?
2
In base 6, what is -102 + 31?
-31
In base 7, what is -5 - 51?
-56
In base 16, what is -58 + -d?
-65
In base 15, what is -9 + -492?
-49b
In base 16, what is 0 - fac?
-fac
In base 6, what is 13 + 5120?
5133
In base 15, what is 3 - 14b1?
-14ad
In base 6, what is -1 + 1333?
1332
In base 4, what is 2232 - 0?
2232
In base 10, what is -2 - 1214?
-1216
In base 10, what is -96 - 10?
-106
In base 8, what is 4 + -2?
2
In base 13, what is -1 - -51?
50
In base 9, what is -67 + -1?
-68
In base 2, what is 110 + 1010?
10000
In base 13, what is -4a - 4?
-51
In base 9, what is -14 - -24?
10
In base 13, what is -59 - 2?
-5b
In base 12, what is 3 + -23b?
-238
In base 15, what is -3 + -b0?
-b3
In base 9, what is -14 - -2?
-12
In base 10, what is -4 + -532?
-536
In base 15, what is -7 - 917?
-91e
In base 8, what is -14 - 26?
-42
In base 12, what is -5 - -28?
23
In base 7, what is 2 + -143?
-141
In base 9, what is -105 + -142?
-247
In base 6, what is -2024 + -154?
-2222
In base 15, what is -24 + 1?
-23
In base 10, what is 3 + 60?
63
In base 8, what is 5 + -2766?
-2761
In base 15, what is 18 - e?
9
In base 5, what is 11 + -13?
-2
In base 10, what is -148 + 3?
-145
In base 4, what is 1 - 3303?
-3302
In base 3, what is -1 + 1122?
1121
In base 12, what is 2 - 3?
-1
In base 9, what is 4 - 163?
-158
In base 16, what is 0 + -373?
-373
In base 16, what is 5 + 783?
788
In base 3, what is -1 + 1121?
1120
In base 2, what is -1011 - 10?
-1101
In base 10, what is -2 - 9427?
-9429
In base 11, what is -718 + 2?
-716
In base 6, what is 44 - -122?
210
In base 15, what is b + 66?
72
In base 14, what is 2 - -1a6?
1a8
In base 16, what is -4 - -14f3?
14ef
In base 14, what is -562 + 4?
-55c
In base 5, what is -312 - 11?
-323
In base 8, what is 166 + -3?
163
In base 12, what is 10b + 4?
113
In base 10, what is 1630 + -4?
1626
In base 9, what is 54 + 114?
168
In base 8, what is 37 - -122?
161
In base 6, what is 2 + 530?
532
In base 12, what is -2b1 - 3?
-2b4
In base 7, what is -43 - 3?
-46
In base 16, what is -2e + 3a?
c
In base 10, what is 2 + -155?
-153
In base 14, what is c39 + 4?
c3d
In base 4, what is -1032 + 20?
-1012
In base 4, what is -230 - 100?
-330
In base 15, what is 9234 - -1?
9235
In base 4, what is -1311 - 3?
-1320
In base 11, what is 606 + 3?
609
In base 5, what is 401 - 0?
401
In base 15, what is 594 - 10?
584
In base 12, what is -1b - -13?
-8
In base 5, what is 10 - 340?
-330
In base 10, what is -5591 + 6?
-5585
In base 6, what is 13 + 1014?
1031
In base 12, what is 4 + 6a?
72
In base 5, what is 0 + 2124?
2124
In base 13, what is 653 - -4?
657
In base 6, what is 2 + -140?
-134
In base 5, what is 1 - 310?
-304
In base 3, what is -121 + -1022?
-1220
In base 14, what is -13 - -14?
1
In base 15, what is -76 - -c?
-69
In base 12, what is 15 + 6?
1b
In base 3, what is -211120 + -2?
-211122
In base 15, what is e + 2d5?
2e4
In base 15, what is 7b - 9?
72
In base 3, what is 20 - 111002?
-110212
In base 3, what is 201 + -111?
20
In base 15, what is -34 + 6?
-2d
In base 15, what is -10e + -1?
-110
In base 16, what is -5 - -6?
1
In base 13, what is 9 - -48?
54
In base 16, what is 310e + -2?
310c
In base 14, what is -5 - -9a2?
99b
In base 2, what is -100000111011100 - -10?
-100000111011010
In base 11, what is -5 - -87?
82
In base 2, what is -10 - 1000110?
-1001000
In base 16, what is -5 - 14?
-19
In base 4, what is -102 + -1302?
-2010
In base 4, what is 1132 - 203?
323
In base 4, what is 2112 + 133?
2311
In base 11, what is -1 - 2a8?
-2a9
In base 15, what is 13 - 1?
12
In base 6, what is 0 - -201?
201
In base 12, what is 4 + -60?
-58
In base 4, what is -100 + 3222?
3122
In base 12, what is -2 + -a32?
-a34
In base 16, what is 3d + 5?
42
In base 12, what is -1 - -5?
4
In base 4, what is 11 + -11020?
-11003
In base 8, what is -6 + -57?
-65
In base 16, what is 3c + 6?
42
In base 13, what is 8b - 5?
86
In base 9, what is -637 + -5?
-643
In base 15, what is 5 - -10e?
114
In base 11, what is -349 + 4?
-345
In base 5, what is -4 - 134?
-143
In base 15, what is 3 - -3bd?
3c1
In base 9, what is 4 - -81?
85
In base 14, what is 15b + 5?
162
In base 5, what is -212 -